2)?
6
Let z(x) = -x**2 - 6*x + 5. Let f be z(-6). Suppose 0 = 2*i - 4*i - 5*p + 19, 4*i - p = f. What is the units digit of i/(-8) + (-41)/(-4)?
0
Suppose 3*y - 4*b - 4 = -3, 5*y + 2*b + 7 = 0. Let m(w) = w + 1. Let x be m(-4). Let t = y - x. What is the units digit of t?
2
Let w be (1 - 0)/((-10)/240). Let b = 11 - w. What is the tens digit of b?
3
Let z(g) = -g**2 - 17*g - 10. Let w be z(-11). Suppose 0 = -4*h + w + 4. What is the units digit of h?
5
Let p be ((-1 - 0)*11)/(-1). Suppose -3*i + p = -1. Let t = i - -9. What is the units digit of t?
3
Suppose o = -6 - 1. Let l = o - -18. What is the tens digit of l?
1
Suppose 0 = -7*w + 3*w + 20. Let z = 12 - w. What is the units digit of z?
7
Let c = -6 + 0. Let k = c - -4. What is the units digit of (-2)/((-8)/(-2))*k?
1
Suppose 3*d = 4*f + 20, d + 7*f - 11 = 4*f. Suppose d*o = 3*o + 100. Suppose 0 = -0*r + 5*r - o. What is the units digit of r?
4
Suppose 2 = 4*p + 26. Let m = p + 25. What is the units digit of m?
9
Let r(v) = 9*v + 190. What is the units digit of r(0)?
0
Let u(o) = -10*o**2 - o. Let g be u(-1). Let p be 2 - (42/(-2))/1. Let m = g + p. What is the units digit of m?
4
Let r(a) be the third derivative of -a**6/40 - a**5/15 - a**4/8 - a**3/6 - 2*a**2. What is the tens digit of r(-2)?
1
Let m(z) = -z**2 - 4*z. Let i be m(-3). Suppose 0 = -5*q - 2*r + 143, q = 3*q + i*r - 66. What is the tens digit of q?
2
Suppose -2*k + 3*k = 70. Suppose k + 50 = 4*y. What is the units digit of y?
0
What is the tens digit of 106/4 + 1 + 3/(-6)?
2
Let c(r) = r**2 + r. Let q be c(0). Suppose j - 3 = -8*l + 4*l, 4*j - l + 22 = 0. Let k = q - j. What is the units digit of k?
5
Let g(p) = p - 2. Suppose -5*y - 2 = -22. Let n be g(y). Suppose 4*q - 81 = -0*j - 5*j, -n*q - 44 = -4*j. What is the tens digit of j?
1
Let v be (14 - 11)/((-3)/(-2)). Suppose 3*b + 1 - 7 = 0. Suppose -3*s = v*z + 13, 0*s + 5*s = b*z - 27. What is the units digit of z?
1
Let g = 110 - 76. What is the tens digit of g?
3
Let r(n) = -2*n. Let z be r(-1). Let k be 7/(-28) + (-17)/(-4). Suppose 2*y = z + k. What is the units digit of y?
3
Let t be (-12 + -2)*(1 + -2). Suppose -7*y + t = -5*y. What is the units digit of y?
7
Suppose -b + 26 = -11. What is the tens digit of b?
3
Let j be 0*(2 + -3)/1. Suppose 2*p - 6*p + 16 = 0. Suppose -3*x = 2*l - 11, j*x - p*x - 3*l = -15. What is the units digit of x?
3
Let w be (-2)/8 + 74/8. What is the tens digit of (w/6 + 2)*4?
1
Suppose -5*g + 5 = -20. Let l be (4 - 3)*5 + 0. Suppose -d + g = -l. What is the units digit of d?
0
Let n(y) = -y**3 + y**2 + y + 17. What is the units digit of n(0)?
7
Let i(f) = f + 7. Let p(l) = -l**2 - 2*l + 5. Let v be p(-4). Let y be i(v). What is the units digit of y/6*(-27)/(-6)?
3
Suppose 29 = 5*u + 2*r, 4*r = 3*u - 9 - 24. Let i(w) = w**2 - 6*w - 6. Let x be i(u). Suppose x = -3*n + 19. What is the units digit of n?
6
Let v(t) be the second derivative of 1/6*t**3 - t - 2*t**2 + 0. What is the units digit of v(5)?
1
Suppose 4*d - 282 = 2*d. Let g = d + -99. What is the tens digit of g?
4
Suppose -54 = -3*w + 2*r, 5*w + 48 = r + 131. Suppose -3*d - w = -7*d. Suppose -a - d*g - g = -6, -3*a = -3*g. What is the units digit of a?
1
Let x be 1*2 - (8 - 9). Suppose -2*v = x*v - 105. What is the tens digit of v?
2
Let o(n) = -n**2 - 3*n + 1. Let k be o(-4). What is the units digit of (0 - 27)*k/9?
9
Suppose 5*m + 65 = 5*c, c - 2*c - m + 7 = 0. What is the units digit of c?
0
Let d = 7 - -61. What is the tens digit of d?
6
Let n(j) = -j**2 + 5*j - 1. Let a be n(5). Suppose 0 = 3*y - y - 14. Let c = y + a. What is the units digit of c?
6
Let v = -1 - -1. Suppose v = -2*x + 3 - 9. Let n = x + 10. What is the units digit of n?
7
Let u(x) = x + 5. Let j be u(5). What is the units digit of (j/25)/(2/10)?
2
Let o = -48 - -64. What is the units digit of o?
6
Let u(n) = -n**3 + 9*n**2 + 4*n - 2. What is the tens digit of u(8)?
9
Let q = 47 + 8. What is the units digit of q?
5
Let g(i) = -5*i. Let r be g(-6). Suppose 2*o = -3*o - a + 66, 0 = 3*o + 3*a - r. What is the tens digit of o?
1
Suppose 2*f - 200 = -3*d + d, -f - 197 = -2*d. What is the tens digit of d?
9
Suppose -s + 1 + 0 = 0, -4*t + 4*s = -4. What is the units digit of ((-9)/(-15))/(t/20)?
6
Let f(y) = 3*y - 6. Let j be f(3). Suppose -s - 42 = -j*s. What is the units digit of s?
1
Let a(t) = -t**2 - 8*t + 9. What is the tens digit of a(-7)?
1
Let f = -3 + -2. Let z(x) = -x**3 - 4*x**2 + 2*x - 1. What is the units digit of z(f)?
4
Suppose -5*o = 5*u - 385, -o = -2*o + 3*u + 61. What is the tens digit of o?
7
Let r be 3/1 - 2 - 1. Let g be r*(-3)/6 + 0. Suppose 5*x - 5 = -g. What is the units digit of x?
1
Let t(k) = -5*k + 4. Let r be t(-4). Suppose -25 = -5*l - d, -1 - r = -5*l + 2*d. What is the units digit of l?
5
Let j = 4 - 1. What is the units digit of j?
3
Let b(x) = x**2 + x**2 - 2*x**3 - x + 0*x**2. Let g be b(1). Let l = 2 - g. What is the units digit of l?
3
Let h(b) = -b + 10. Let m be h(6). Suppose -2*k + m = 2. What is the units digit of k?
1
Suppose -2*j - t = 2*t + 22, -3*j + 2*t = 7. Let i(x) = x**3 + 5*x**2 - 6*x + 4. What is the units digit of i(j)?
4
Let j(v) = -5*v - 2. Let x be j(-6). Suppose g - x = -g. What is the tens digit of g?
1
Let z be 4 - 3 - 55*-1. Let k = z + -19. What is the tens digit of k?
3
Suppose 2*p + 2 = 5*x, 2*p - 20 = -3*p. Suppose -2*s = -s - 5*i - 24, i = 3*s - x. Let l = 1 - s. What is the units digit of l?
2
Suppose -236 = 10*m - 14*m. What is the tens digit of m?
5
Suppose 0 = -5*t - 9 - 6. Let c be ((-6)/10)/(t/15). Let f = 9 - c. What is the units digit of f?
6
Let g = 19 + -16. Suppose 5*h - 2 - g = 0. What is the units digit of h?
1
Suppose -9*l + 360 = -2628. What is the tens digit of l?
3
Let j(h) = 5*h + 12. Let x be j(9). Suppose -x = 3*q - 189. What is the units digit of q?
4
Suppose -3*n + 6 = -3*r, -n + 3*n - 22 = -4*r. Suppose n*u + 4*k = 4 + 1, -u = -k - 1. Let o(f) = f**2 - f + 1. What is the units digit of o(u)?
1
Let i(f) = -10*f**3 + f**2 - 4. What is the tens digit of i(-2)?
8
Let d be -4*(-9)/12 - -93. What is the tens digit of d/(-56)*-7*4?
4
Let i(j) = j + 2. Let c be i(-6). Let z be -1 + 0 - (-3 - c). What is the units digit of ((-6)/(-12))/(z/(-12))?
3
Let x be -2 - (-2 + -2)*1. What is the tens digit of ((-34)/4)/((-1)/x)?
1
Let v(s) = s**2 - s. Let z be v(-1). Suppose -4*k + 24 = d, -4*k + z*d = d - 24. What is the units digit of k?
6
Suppose -3*t = 2*t. Suppose 3*y = -t*y + 9. What is the units digit of y?
3
Suppose 0 + 10 = 5*p. Let j = p + 0. Suppose -19 = -c + j*a + 11, 0 = 2*c - a - 45. What is the tens digit of c?
2
Let b be 2/7 + 9/(-7). What is the tens digit of 3 + -2 + b + 20?
2
Let a = 9 - -19. What is the units digit of a?
8
Let o(l) = 7*l - 4. Let d be (-6 + 5)/(2/(-6)). What is the units digit of o(d)?
7
Suppose -b + 2 = 0, -3*b + 62 = -2*t + 180. Let x = t - 33. What is the units digit of x?
9
Suppose -m - 33 = p, 2*m - m - 3*p = -33. What is the tens digit of 32/12*m/(-4)?
2
Let v be 3/((-9)/(-15))*1. Suppose -21 = -v*k + 4*d + 21, 2*k - 5*d = 27. Let y = 13 - k. What is the units digit of y?
7
What is the hundreds digit of 159 - (2 + -2) - -3?
1
Suppose 5*b - 936 = -3*b. What is the hundreds digit of b?
1
What is the units digit of (-1)/(3/2)*(-546)/28?
3
Let r(t) be the third derivative of t**5/60 - t**4/24 + 17*t**3/3 - 7*t**2. What is the units digit of r(0)?
4
Suppose -13*x + 420 = -8*x. What is the units digit of x?
4
Suppose a + 1 = 2. What is the units digit of a/(8/(-6))*-4?
3
Let d(r) be the second derivative of r**4/2 - r**3/3 + r**2/2 - r. Let n be d(1). Let f = -2 + n. What is the units digit of f?
3
Suppose o + 5*m - 5 = 3*o, 4*o + 3 = 3*m. Suppose o = 6*a - 9*a + 12. Suppose a*w - 42 = -4*n + 2, -73 = -3*w + 5*n. What is the units digit of w?
6
Let r = 2 + 0. Suppose -2*z - 5*a + 55 = 3*z, 1 = -z + r*a. What is the units digit of z?
7
Let k = -18 - -35. What is the units digit of k?
7
Let x(b) = b**2 - b - 1. Let v(g) = -g**2 + 2*g + 1. Let u(y) = v(y) + 2*x(y). What is the units digit of u(4)?
5
Suppose -3*y + 42 = -f + 149, 5*f - 3*y - 499 = 0. What is the units digit of f?
8
Let t(m) be the second derivative of -m**6/180 - m**5/120 + m**4/12 + m. Let v(x) be the third derivative of t(x). What is the tens